= -8*q**3 - 6*q**2 + 17*q - 13. Let u(v) = -4*v**3 - 3*v**2 + 7*v - 6. Let o(c) = 3*l(c) - 7*u(c). Determine o(-2).
-21
Let i(s) = s**2 - s + 2. Let g be i(2). Let d(u) = -7*u - 2*u**2 + u**2 - 6 + 12 + 3*u**2. What is d(g)?
10
Let b(l) = -3*l**3 - l**2 - l. Let y be b(-1). Let m(t) = -24 + 2*t - 3*t + y*t**2 + 2*t**2 - 4*t**2. Calculate m(0).
-24
Let b(u) = -u - 5. Let l = -1510 - -1510. Give b(l).
-5
Let x = 631 + -633. Let b(z) = -2*z**3 + 2*z**2 + 2*z + 1. Give b(x).
21
Let r(k) = -5*k**2 - 3*k + 5. Let t(g) = -11*g**2 - 6*g + 9. Let i(f) = 9*r(f) - 4*t(f). Determine i(-5).
-1
Let c(v) = -v**2 - v**3 - v - 2 + 3 - 2. Let u(q) = q**3 - 6*q**2 + q - 6. Let z be u(6). Suppose z*x = -4*x. What is c(x)?
-1
Let n(g) = g**3 - 3*g + 4. Suppose -5 = -4*u - 5. Let d(a) = -a**2 - a - 3. Let x be d(u). Determine n(x).
-14
Let u(h) = -h**2 - 8*h - 4. Suppose -4*j = -2*l + 18, -5*j + 0*l + 5*l - 10 = 0. Give u(j).
3
Let f(s) = s**3 + 5*s**2 + 5*s - 2. Suppose -2*l + 0 - 8 = 0. Calculate f(l).
-6
Let k(j) = -10*j + 23. Suppose 0 = -b - 2, 2*a + 0*a + 12 = -b. Let v(z) = 7*z - 15. Let i(m) = a*k(m) - 7*v(m). Determine i(7).
-3
Let n(o) be the second derivative of o**5/20 - 7*o**4/12 - o**3 - 5*o**2/2 + 3*o - 4. Give n(8).
11
Let u = -6 - -9. Let x be -1 - (u - 2) - (1 - -2). Let g(t) = t**3 + 7*t**2 + 6*t - 1. Give g(x).
19
Let s(g) = 2 + 3*g**2 + 9*g + 3 - 2*g - 2*g**2. Suppose 2*t - 8 = 0, -4*t + 56 - 25 = -3*n. What is s(n)?
-5
Let z(q) = -2*q + 6. Let g(u) = 2*u - 24. Let o(x) = 2*x**2 - 7*x + 5. Let a be o(4). Let l be g(a). Give z(l).
18
Suppose -30*f + 4 = -34*f. Let s(v) = -117 - 4*v**3 - v + 116 + 9*v**3. Give s(f).
-5
Let d(c) = -c**2 - c + 1. Let m(k) = -k**2 - 2*k - 5. Let q(u) = -5*u + 4. Let l be q(1). Let b(v) = l*m(v) - 2*d(v). Give b(-3).
18
Let w(i) = -i**3 + 2*i**2 + 5*i - 4. Let u be w(3). Let n(f) = -2*f**2 + 1 + 0*f - 3*f + 2*f + f**u. Give n(1).
-1
Let h(a) = -42*a + 76. Let c be h(2). Let x(s) be the first derivative of s**3/3 + 7*s**2/2 - 6*s + 1. Give x(c).
2
Let z(y) = -y**2 - 3*y - 1. Let b(v) be the second derivative of v**5/20 - v**4/6 + v**3/6 + v**2 + 7*v. Let w be b(-1). Determine z(w).
1
Let v(z) be the third derivative of -z**6/120 + z**5/20 + z**4/24 + z**3/2 + 53*z**2. What is v(4)?
-9
Let v be -2 + 1/(-2) + 45/(-90). Let i(d) = -4*d**2 + d**3 - 3*d + 2*d**2 + 2 + 5*d**2. Determine i(v).
11
Let a be -3 - (-2 + -1 - 11). Let o = a + -11. Let r(y) = 11 + o*y + 0*y - y**2. Give r(0).
11
Let n(j) = -45*j**2 + 5 + 49*j**2 - 1 + 2*j + 2*j. Calculate n(-2).
12
Let o(p) be the second derivative of p**6/180 - p**5/40 + p**4/12 - 23*p**3/6 - 10*p. Let j(m) be the second derivative of o(m). Give j(2).
4
Let u(z) be the second derivative of 3/8*z**4 - 1/2*z**3 + 0 + 0*z**2 + 1/120*z**5 - 6*z. Let m(v) be the second derivative of u(v). What is m(-7)?
2
Suppose 3*n + 9 = -42. Let h = -29 - n. Let w = h - -7. Let d(u) = -u - 2. Calculate d(w).
3
Let l be ((-4)/(-6))/((-20)/210) + -1. Let j(q) = -q**3 - 9*q**2 - 2*q + 5. Calculate j(l).
-43
Let b = -7 + 10. Suppose b*q + 5 - 2 = -3*y, 4*y + q - 8 = 0. Let l(k) = 0 - k - 3*k + 0*k - y. What is l(-4)?
13
Let v(c) be the first derivative of c**4/4 + 2*c**3/3 - 3*c - 253. Give v(-2).
-3
Suppose -16*l + 23 + 201 = 0. Let x(n) = -n**3 + 15*n**2 - 14*n + 2. Give x(l).
2
Let t(o) be the second derivative of -o**4/12 - 5*o**3/6 + 3*o**2/2 - 433*o. Calculate t(-5).
3
Suppose -7*s - s = 40. Let i(x) be the first derivative of -x**4/12 - x**3 + 5*x**2/2 - 5*x + 1. Let z(v) be the first derivative of i(v). Calculate z(s).
10
Let f(y) = -4*y + 10. Let j = -1252 + 1246. What is f(j)?
34
Let o(t) = -10*t + 15 - 2 - 15*t + 26*t. Let k be o(-11). Suppose 5*z - 6 = -k*a, 5*a - 8 - 7 = z. Let r(h) = -h**2 + 4*h + 4. Calculate r(a).
7
Let z(m) = -4*m**2 - m. Let w(d) be the second derivative of d**4/12 + 2*d**3/3 + 3*d**2/2 + 2*d. Let j be w(-5). Let x be j/6 - 1/3. Calculate z(x).
-5
Suppose 5*a - 5 - 10 = 0. Let r(c) = -2 - a - c**2 + 4 + 2. What is r(2)?
-3
Let c(l) = l**3 - 4*l**2 + l + 1. Let d be c(3). Let h(k) = -1 - 7*k - 2*k**2 + 2 + 3 - 3. Determine h(d).
-14
Let d(q) = q**2 - 15*q - 6. Suppose -54*o = -75*o + 315. What is d(o)?
-6
Let q(r) = -5*r + 1. Suppose 0 = -2*b - 4*y + 16, 5*y - 29 = -3*b - 0*b. Let v be (3*b)/(4/2). Let p = v - 28. Give q(p).
6
Let m(v) be the third derivative of -v**6/120 - v**5/10 + 3*v**4/8 + 2*v**3/3 - 41*v**2 + 2. Determine m(-6).
-50
Suppose 0 = -4*s + f + 5, -s + 0*f + 25 = -5*f. Let u = -187 + 211. Let l(o) = -o**3 - u + o + s*o**3 + 2*o**3 + 26. What is l(-2)?
-8
Let c(s) = -100 + 47 + s + 46. What is c(10)?
3
Let r = -4/219 - -235/876. Let p(l) be the first derivative of -10 + 4/3*l**3 + r*l**4 - 7/2*l**2 - 4*l. Determine p(-5).
6
Let i(o) = -o**2 - 3*o + 5. Suppose -j = -2*a - 6, -2*a + 3*a + 17 = -3*j. Give i(a).
-5
Let q(h) = h**2 + h - 2. Let r(d) = -d - 2. Let s be r(-6). Suppose -3*f + 0*f + 4*t - 7 = 0, -t + s = 0. Let k be ((0 - f) + 4)*2. What is q(k)?
4
Suppose 54 = 5*o - 16. Let n(p) = -p**2 + 20*p + 5. Let j be n(20). Suppose -3*m + 2*c = -m + 4, j*c = -m - o. Let a(z) = z**2 + 2*z - 4. Give a(m).
4
Suppose -4*a - 4 = -5*d + 13, 4*d - 10 = 5*a. Let o(p) = -14*p + 15 + a - 5 + 15*p. Give o(-7).
5
Let p(j) = 14*j**3 - 5*j**2 + j - 4. Let s(a) = -a**2 - a. Let g(r) = -2*r**2 - 3*r + 1. Let b(m) = -g(m) + 3*s(m). Let z(l) = 4*b(l) - p(l). What is z(1)?
-14
Let j = 8 + -6. Let z(y) = -3*y - 31. Let d be z(-11). Let p(q) = 14*q**2 + 3*q + d - 6*q - 12*q**2. What is p(j)?
4
Let o(y) = -y**2 - 4*y + 3. Let a(x) = -x. Let h(b) = -b + 0*b + 4 + 3*b + 3*b. Let s(u) = -3*a(u) - h(u). Let q be s(-3). What is o(q)?
-9
Let o(l) = -11*l**3 - l**2 - l. Suppose 6 = -7*b - 1. Determine o(b).
11
Let p(t) = 9*t**3 + t. Let v(j) be the third derivative of -j**5/60 + 11*j**4/12 - j**3/6 - 7*j**2. Let k be v(22). Calculate p(k).
-10
Let b(g) = 2*g + 1. Let j(y) = 82*y + 168. Let s be j(-2). Calculate b(s).
9
Suppose -10 = -3*l + 5*l. Let n(z) = z**3 - 8*z**2 - 4*z + 4. Let j(q) = q**3 - q**2 - q. Let r(t) = 2*j(t) - n(t). What is r(l)?
11
Let w(t) = 1 + 1 + 1794*t - 1796*t. Let k(s) = 2*s - 3. Let y(u) = -4*k(u) - 6*w(u). What is y(1)?
4
Let p(z) be the second derivative of -z**4/12 - 5*z**3/3 + 11*z**2/2 + 271*z - 1. Give p(-11).
0
Let m be 1/(-2)*(1 + -7). Let n be 39/13*5/m. Let p(d) = d**2 - 6*d - 5. What is p(n)?
-10
Let b(u) = -u**2 + 5*u. Let l be b(6). Let k be (l/(-15))/((-11)/55). Let i(o) = 3*o + 3. Calculate i(k).
-3
Let g be (-2)/(30/9)*(2 + 3). Let v(b) = -3*b**3 + b**2 + 5*b + 4. Give v(g).
79
Suppose 0 = 2*j - 5*l - 51, 0 = -3*j - 5*l + 60 + 29. Suppose 10 = 3*q + x - 9, 0 = 5*q - 2*x - j. Let o(p) = p - 2. Give o(q).
4
Let l(f) = -f**2 - f + 4. Suppose -5*u = -u + 48. Let p(s) = s**2 + 11*s - 2. Let h be p(-11). Let b be u/(-18) + h/3. Calculate l(b).
4
Let m(y) = -y**2 - 1 + 7*y**2 - 5*y**2 + 0 + y**2 + 2*y. What is m(-3)?
11
Let t(u) = -118*u + 37*u - 1 + 35*u + 0 - 7*u**2 + 38*u + u**3. Give t(8).
-1
Let z(n) = n**2 - 6*n - 8. Let y = -57 - -66. Suppose -5*x - 5*l + 18 = -7, l = x - y. Determine z(x).
-1
Let h be (-14)/(-8) + 2047/(-356). Let u(s) = 3*s**2 + 2*s - 6. What is u(h)?
34
Let c(x) be the first derivative of x**4/4 + 2*x**3 - 2*x**2 + 6*x - 32. Calculate c(-7).
-15
Let w(f) = 3*f**2 - 2 + 341*f - 167*f - 170*f + f**2 - 3*f**2. What is w(-5)?
3
Let f(h) = h**2 - 3*h. Suppose p - 3*n + 2 = -8, 5*p = -5*n + 50. Suppose -3*k + 1 = -p. Suppose -5*q - 37 + 12 = -k*j, 4*j - 17 = -q. What is f(j)?
10
Suppose 4*j - 46 = -5*t, -j + 0*t = t - 11. Suppose 5*w + 1 = o - j, 5*o + w = -28. Let c(p) = 3 + 22*p - 25*p + p**2 - 2*p**2. What is c(o)?
-7
Let t(n) = n - 4. Let m = 41 + -25. Let a = 26 - m. Suppose 5*q - 45 = 4*h, -q + 0*q = -h - a. Give t(q).
1
Let f(b) = 7 - 3*b**2 + 2*b**2 - 3 - 10*b + 9*b. Give f(3).
-8
Let c(d) be the second derivative of d**3/6 + 3*d**2 + 325*d. Calculate c(-4).
2
Let o(x) be the third derivative of -x**5/60 - x**3/6 - 11*x**2. Let l(i) = 2*i**2 + 3. Let h(b) = 4*l(b) + 9*o(b). Give h(-4).
-13
Let y(k) = -8*k**3 - 6*k**2 - k + 19. Let x(w) = 11*w**3 + 9*w**2 + w - 27. Let a(v) = 5*x(v) + 7*y(v). Determine a(2).
-2
Let b(f) be the second derivative of f**5/20 - f**4/3 + 5*f**3/6 - f**2 + 7*f. Let u be b(3). Let c(n) = -